{"id":1097,"date":"2026-01-23T19:07:31","date_gmt":"2026-01-23T18:07:31","guid":{"rendered":"https:\/\/ibr-stempel.synology.me\/?page_id=1097"},"modified":"2026-01-23T19:08:31","modified_gmt":"2026-01-23T18:08:31","slug":"datenschutz","status":"publish","type":"page","link":"https:\/\/ibr-stempel.synology.me\/?page_id=1097","title":{"rendered":"Datenschutz"},"content":{"rendered":"\n<p><strong>Allgemeines<br><\/strong>Die nachfolgenden Vorschriften informieren Sie \u00fcber Art, Umfang und Zweck der Erhebung, Verarbeitung und Nutzung personenbezogener Daten. Diese Datenschutzerkl\u00e4rung bezieht sich nur auf unsere Webseiten. Falls Sie \u00fcber Links auf unseren Seiten auf andere Seiten weitergeleitet werden, informieren Sie sich bitte dort \u00fcber den jeweiligen Umgang mit Ihren Daten.<br><strong>Welche personenbezogenen Daten erfassen wir?<br><\/strong>Personenbezogene Daten sind solche Daten, die R\u00fcckschl\u00fcsse auf Ihre Identit\u00e4t zulassen. Wir erfassen personenbezogene Daten ausschlie\u00dflich dann, wenn Sie diese freiwillig an uns preisgeben.<br><strong>Warum und auf welcher Rechtsgrundlage erheben wir Ihre personenbezogenen Daten?<br><\/strong>Ab dem 25.05.2018 (dem Anwendungsbeginn der Datenschutzgrundverordnung) tun wir dies auf Grundlage des Art. 6 Abs. 1 lit. b DSGVO.<br><strong>Ihre Rechte<br><\/strong>Sie k\u00f6nnen sich jederzeit bei uns melden und Auskunft, Berichtigung, L\u00f6schung oder Einschr\u00e4nkung der Verarbeitung der \u00fcber Sie gespeicherten Daten verlangen. Au\u00dferdem steht Ihnen ein Recht auf Daten\u00fcbertragbarkeit und das Recht zur Beschwerde bei einer Aufsichtsbeh\u00f6rde zu. Bitte wenden Sie zur Aus\u00fcbung Ihrerer uns gegen\u00fcber zustehenden Rechte an: info(at)exclusivschlafen.com<br><strong>Weitergabe von Daten an Dritte<br><\/strong>Wir geben keine personenbezogene Daten an Dritte weiter, es sei denn, wir sind aufgrund von beh\u00f6rdlichen oder gerichtlichen Anordnungen dazu verpflichtet. Hierbei kann es sich insbesondere um die Auskunftserteilung f\u00fcr Zwecke der Strafverfolgung, zur Gefahrenabwehr oder zur Durchsetzung geistiger Eigentumsrechte handeln.<br><strong>IP-Adressen und Cookies<br><\/strong>Wir erheben keine IP-Adressen und verwenden auf unserer Webseite keine Cookies.<br><strong>\u00c4nderungen dieser Datenschutzerkl\u00e4rung<br><\/strong>Wir behalten uns das Recht vor, diese Datenschutzerkl\u00e4rung jederzeit mit Wirkung f\u00fcr die Zukunft zu \u00e4ndern. Eine jeweils aktuelle Version ist an dieser Stelle verf\u00fcgbar.<\/p>\n\n\n\n<p>Januar 2026<\/p>\n","protected":false},"excerpt":{"rendered":"<p>AllgemeinesDie nachfolgenden Vorschriften informieren Sie \u00fcber Art, Umfang und Zweck der Erhebung, Verarbeitung und Nutzung personenbezogener Daten. Diese Datenschutzerkl\u00e4rung bezieht sich nur auf unsere Webseiten. Falls Sie \u00fcber Links auf unseren Seiten auf andere Seiten weitergeleitet werden, informieren Sie sich bitte dort \u00fcber den jeweiligen Umgang mit Ihren Daten.Welche personenbezogenen Daten erfassen wir?Personenbezogene Daten sind&#8230;<\/p>\n","protected":false},"author":1,"featured_media":0,"parent":0,"menu_order":0,"comment_status":"closed","ping_status":"closed","template":"","meta":{"_kadence_starter_templates_imported_post":false,"_kad_post_transparent":"","_kad_post_title":"","_kad_post_layout":"","_kad_post_sidebar_id":"","_kad_post_content_style":"","_kad_post_vertical_padding":"","_kad_post_feature":"","_kad_post_feature_position":"","_kad_post_header":false,"_kad_post_footer":false,"_kad_post_classname":"","footnotes":""},"class_list":["post-1097","page","type-page","status-publish","hentry"],"_links":{"self":[{"href":"https:\/\/ibr-stempel.synology.me\/index.php?rest_route=\/wp\/v2\/pages\/1097","targetHints":{"allow":["GET"]}}],"collection":[{"href":"https:\/\/ibr-stempel.synology.me\/index.php?rest_route=\/wp\/v2\/pages"}],"about":[{"href":"https:\/\/ibr-stempel.synology.me\/index.php?rest_route=\/wp\/v2\/types\/page"}],"author":[{"embeddable":true,"href":"https:\/\/ibr-stempel.synology.me\/index.php?rest_route=\/wp\/v2\/users\/1"}],"replies":[{"embeddable":true,"href":"https:\/\/ibr-stempel.synology.me\/index.php?rest_route=%2Fwp%2Fv2%2Fcomments&post=1097"}],"version-history":[{"count":2,"href":"https:\/\/ibr-stempel.synology.me\/index.php?rest_route=\/wp\/v2\/pages\/1097\/revisions"}],"predecessor-version":[{"id":1100,"href":"https:\/\/ibr-stempel.synology.me\/index.php?rest_route=\/wp\/v2\/pages\/1097\/revisions\/1100"}],"wp:attachment":[{"href":"https:\/\/ibr-stempel.synology.me\/index.php?rest_route=%2Fwp%2Fv2%2Fmedia&parent=1097"}],"curies":[{"name":"wp","href":"https:\/\/api.w.org\/{rel}","templated":true}]}}